.
61
Suppose 20*p - 5*g = 16*p - 16, 5*g = -4*p + 24. List the prime factors of -13 - -1192 - (p + 2).
2, 3, 7
Suppose 5*s - 21 = -6, 1235 = 2*l - s. Suppose 3*n = -y + l - 175, n = y - 428. What are the prime factors of y?
2, 3
Let a(k) = -k**3 - 7*k**2 - 15*k - 10. Let v be a(-4). Suppose v*l - 6*r + 4*r = 754, 4*r = -l + 392. What are the prime factors of l?
2, 5, 19
Suppose -41*a + 25*a + 6840130 = 105*a. List the prime factors of a.
2, 5, 5653
Suppose 3*z = -0 - 0. Suppose z*g - 12 = -4*g. What are the prime factors of (-2)/g - 17/(-3)?
5
Suppose -5*z = -2*u - 88 + 14, 0 = -5*u + 15. Suppose 4*w = -z, 1140 = 2*n + 8*w - 13*w. List the prime factors of n.
2, 5, 7
Suppose y + 4 = -y. Let m(x) = -4 + 0*x + 41*x - 47*x - 43*x. List the prime factors of m(y).
2, 47
Suppose 0 = -3*t + x + 44, x = -2*t + 5 + 31. Suppose -15*a = -11*a - t. Suppose 4*f - 7*b = -a*b + 196, -4*f + 196 = -2*b. What are the prime factors of f?
7
Let m(o) = 240*o**2 - 9*o - 6. Let j be m(-3). Suppose -6*r - 675 = -j. What are the prime factors of r?
251
Suppose 0 = -4*v - 9*w + 5*w - 2120, v = -5*w - 522. List the prime factors of (-24)/(-36) + (v/(-6))/2.
3, 5
Let g be (-2 - -4)/(53/(-18) + 3). Suppose c - g = 7*c. Let l(b) = -17*b - 7. What are the prime factors of l(c)?
5, 19
What are the prime factors of 41549 - 14/(252/270)?
2, 19, 1093
Suppose -9 = -y + 2*v + 1, -y - 5 = 3*v. Suppose -y*t = 5*w - 327 + 16, -83 = -t - 3*w. Suppose j - 2*h - 76 = 0, j - h = -0 + t. List the prime factors of j.
2, 3
Let d be (39/6 - 1)*(-84)/(-77). Suppose 4*t = 350 - d. List the prime factors of t.
2, 43
Suppose -9 = -r + 5*o + 55, -3*o = 4*r - 233. Let m = 62 - r. Suppose -5*j + 235 = -5*p, 0 = m*j - 8*j + p + 231. What are the prime factors of j?
2, 23
Suppose 6*c = 3*k + 7*c - 12500, 0 = 2*k - 4*c - 8310. What are the prime factors of k?
5, 7, 17
Suppose 0 = -q - 5*b - 70, -4*q = -q - 2*b + 261. Let h be 15*(-3 + q/(-25)). What are the prime factors of (-35)/((-3)/h + -3 + 3)?
2, 5, 7
Let t be 0 + 6/4 + 127/(-2). Let x be (-13)/39 - t/6. Suppose -a - 4*h = -223, 5*h - x = 3*h. What are the prime factors of a?
7, 29
Suppose -5*n + 9 = -4*r - 4, -2*n = r. Let a = -1 + 22. List the prime factors of r/6 + 1162/a.
5, 11
Let o be (-2 + 2)/(0 + -2). Suppose o = 6*a + 13 + 17. List the prime factors of (-2)/(8/a)*20.
5
Let b be 702 + (-4 + 3 - -3). Suppose -5*j = -9*j - b. Let d = j - -273. What are the prime factors of d?
97
Let i = -16522 - -73917. What are the prime factors of i?
5, 13, 883
Let d(f) = 56*f + 1082. List the prime factors of d(27).
2, 1297
Let m = 5905 - -3992. List the prime factors of m.
3, 3299
Suppose -2*r + 21864 = 2*b + 1818, -2*b - 5*r + 20061 = 0. List the prime factors of b.
2, 5009
Let m(q) = 9*q**2 + 8*q - 290. List the prime factors of m(22).
2, 3, 7, 101
List the prime factors of (-3744)/(-8)*(23670/24)/15.
3, 13, 263
Let b(n) = 2*n**2 + 9*n - 8. Let x be b(1). Suppose -x*p = w + p - 201, -8 = -4*p. What are the prime factors of w?
193
Let a(t) = t**3 + 6*t**2 + 2*t + 14. Let k(s) = -8*s + 10. Let f be k(2). Let n be a(f). Suppose 38 = -0*y + n*y. List the prime factors of y.
19
Let f = 71 - 67. Suppose -2*q + 1138 = -f*i, -3*i = q + i - 599. Suppose 33*l = 30*l + q. List the prime factors of l.
193
Let b(y) = -y**2 + 12*y + 8. Let w be b(14). Let r be 5 + (-5)/(w/(-456)). Let h = r - -118. List the prime factors of h.
3
Let d(b) = 473*b**2 - 33*b + 1. Let t be d(-5). Suppose 13*w - 30776 = -t. What are the prime factors of w?
5, 17
Let g = -234 - -293. What are the prime factors of g?
59
Let x = 136 + 389. Suppose 0 = -t + 344 + x. List the prime factors of t.
11, 79
Let u(r) = -2935*r + 8305. What are the prime factors of u(-14)?
3, 5, 37, 89
Suppose -20*p + 505 + 4475 = 0. Let j = p - -108. What are the prime factors of j?
3, 7, 17
Suppose -2*l + 2*t = -0*l - 2, -l + 4 = 2*t. Let r be ((-5)/(-3 - l))/(3/6747). Suppose -10*j = 3*j - r. List the prime factors of j.
173
Suppose 2*g = 3*c - 25, 2*c - 5*c = g + 17. Let y = g + 19. Suppose -10*i + 260 = -y*i. List the prime factors of i.
2, 13
Suppose -46*o = -147*o + 142612. List the prime factors of o.
2, 353
Let i(h) = 77*h**3 - 20*h**2 + 2*h + 55. List the prime factors of i(7).
2, 3, 5, 17
Let l(a) = 4*a**2 + 109*a + 337. What are the prime factors of l(-84)?
5, 3881
Suppose 3*u = -67 - 149. Let y = 334 + u. Suppose 396 = 7*w - y. What are the prime factors of w?
2, 47
Let x be (114/8 + -8)*360. Let p = x - 1091. What are the prime factors of p?
19, 61
Let g = 61 + -105. Let i = 313 - g. What are the prime factors of i?
3, 7, 17
Suppose 24*c - 21*c + 1704 = 0. Let s = 1310 + c. List the prime factors of s.
2, 7, 53
Let w be 7 - (-6)/(-4 + -2). Let u(q) = -14*q + 5 + 10*q + 9*q. List the prime factors of u(w).
5, 7
Let f(u) = -u**2 - 12*u - 29. Let y be f(-11). What are the prime factors of 3/6 + (-693)/y?
3, 13
Let c(k) = 492*k**2 - 33*k + 81. What are the prime factors of c(4)?
3, 11, 79
Let z(q) = 6*q**2 - 6*q - 4047. List the prime factors of z(85).
3, 67, 193
Let i(r) = -2338*r - 1100. What are the prime factors of i(-5)?
2, 3, 5, 353
Let l(a) = a**3 + 17*a**2 + 23*a. Let g = -73 + 62. Let z be l(g). Suppose 4*q = 3*y + 383, 0 = 5*q - y + 3*y - z. What are the prime factors of q?
5, 19
Let a be 25356/42 + (4/14 - 0). Suppose 3*q + a = p - 422, 2*p + 5*q - 2041 = 0. List the prime factors of p.
3, 11, 31
Let o = -21938 + 24101. List the prime factors of o.
3, 7, 103
List the prime factors of ((25950/(-20))/(-15))/((-2)/(-224)*2).
2, 7, 173
Suppose 4*u - 32 = 3*q, 2*u + 4*q + q + 10 = 0. Suppose -u*d = 4 - 44. List the prime factors of d.
2
Suppose -87*j = -112410 - 114259 + 69112. List the prime factors of j.
1811
Suppose -4*u - 82 = -h, 4 = 5*u - 1. Let s = 184 - h. Let o = s + -52. List the prime factors of o.
2, 23
Let b(k) = 9*k**3 + 4*k**2 - k - 10. Let o be b(5). Suppose 16*h = 11*h + o. What are the prime factors of h?
2, 11
Let i(o) = 7776*o**2 - 418*o + 1246. What are the prime factors of i(3)?
2, 8747
Suppose -4*s = -4*h - 53268, 308*s + h = 310*s - 26626. List the prime factors of s.
13309
Suppose -8436 = -5*p + 4*j, -26*p + 23*p - 2*j = -5088. What are the prime factors of p?
2, 3, 47
Let n be (-2)/7 - (-14)/49. Suppose 3*r = -n*r + 75. What are the prime factors of (-1*1)/(r/(-850))?
2, 17
Let i = 2389 + 6569. What are the prime factors of i?
2, 3, 1493
Let a be (-19 + 17)*1*(-9)/6. Suppose 2240 = a*t - 517. What are the prime factors of t?
919
Suppose 203*m - 199*m - 5*u = 113402, 5*u + 10 = 0. List the prime factors of m.
2, 19, 373
Let m(w) = 4*w + 32. Let q be m(-8). Suppose -2*y - 1100 = -3*b, q*b + 2*b - 732 = 2*y. What are the prime factors of b?
2, 23
Suppose 10 = -3*m + 8*m, l + 3*m - 4020 = 0. Suppose l = 11*p - 9219. What are the prime factors of p?
3, 401
Suppose 5*o = 5, -3*o + 6*o = -3*w + 7977. Suppose w - 378 = 8*j. List the prime factors of j.
3, 5, 19
Let a be (-136818)/(-165) - (-2)/(-10). Suppose o = -4*m + a, 3*o + m = 4*o - 824. What are the prime factors of o?
3, 5, 11
Suppose 0 = 2*u + 12 - 18, 5*u + 16331 = 2*i. What are the prime factors of i?
11, 743
Let p(t) = 65*t - 1. Suppose 3*u = 5*d - 2 + 162, 2*d - 68 = -u. Suppose u*a + 4 = 64*a. What are the prime factors of p(a)?
2
Let q(o) = -2*o**2 - 15*o - 6. Let u be q(9). Let h = u + 855. List the prime factors of h.
2, 3, 23
Let h(z) = 10*z**2 + 5*z + 5. Let n be h(-2). Suppose 37*t - 412 = n*t. Let y = t - 93. List the prime factors of y.
113
Suppose 80*m - 718620 = -60*m. What are the prime factors of m?
3, 29, 59
Suppose 3*i + 6*m + 66 = 8*m, -2*m = 4*i + 102. Let j = 4 - 6. List the prime factors of 16/i*381/j.
127
Suppose 5*v = -5*j + 20, 5*v + 0*j - 8 = j. Let h(i) = 2*i**2 - v*i + 45 - i**2 + 4 - 14. What are the prime factors of h(11)?
2, 67
List the prime factors of 3/(24/310450) + 47/1316*-7.
2, 19403
Let z be (-2 - (1 + 3)) + -53. Let b = 59 - z. What are the prime factors of b?
2, 59
Let q(x) = -419*x - 4922. List the prime factors of q(-32).
2, 4243
Let k be 5/(15/6)*(-10 - -9). List the prime factors of (k/1 - 3293)*2/(-5).
2, 659
Suppose 0 = -3*v - 3*n - 6, -5*v - 3*n - 3 = -v. Suppose -v*q - 2*i = q + 496, -2*q = -3*i + 240. Let g = q + 243. What are the prime factors of g?
2, 3, 5
Suppose 94